{"id":10735,"date":"2021-03-16T07:55:40","date_gmt":"2021-03-16T06:55:40","guid":{"rendered":"https:\/\/solidar.ch\/?page_id=10735"},"modified":"2025-06-13T11:00:04","modified_gmt":"2025-06-13T09:00:04","slug":"burkina-faso","status":"publish","type":"page","link":"https:\/\/solidar.ch\/de\/projekte\/burkina-faso\/","title":{"rendered":"Burkina Faso"},"content":{"rendered":"","protected":false},"excerpt":{"rendered":"","protected":false},"author":22,"featured_media":0,"parent":9852,"menu_order":0,"comment_status":"closed","ping_status":"closed","template":"","meta":{"_acf_changed":false,"_seopress_robots_primary_cat":"","_seopress_titles_title":"Burkina Faso: Mit Bildung gegen Armut | Solidar Suisse","_seopress_titles_desc":"Solidar Suisse engagiert sich in Burkina Faso f\u00fcr einen besseren Zugang zu Bildung und f\u00fcr die Ern\u00e4hrungssicherheit der l\u00e4ndlichen Bev\u00f6lkerung.","_seopress_robots_index":"","footnotes":""},"wf_page_folders":[1102],"class_list":["post-10735","page","type-page","status-publish","hentry"],"acf":[],"_links":{"self":[{"href":"https:\/\/solidar.ch\/de\/wp-json\/wp\/v2\/pages\/10735","targetHints":{"allow":["GET"]}}],"collection":[{"href":"https:\/\/solidar.ch\/de\/wp-json\/wp\/v2\/pages"}],"about":[{"href":"https:\/\/solidar.ch\/de\/wp-json\/wp\/v2\/types\/page"}],"author":[{"embeddable":true,"href":"https:\/\/solidar.ch\/de\/wp-json\/wp\/v2\/users\/22"}],"replies":[{"embeddable":true,"href":"https:\/\/solidar.ch\/de\/wp-json\/wp\/v2\/comments?post=10735"}],"version-history":[{"count":0,"href":"https:\/\/solidar.ch\/de\/wp-json\/wp\/v2\/pages\/10735\/revisions"}],"up":[{"embeddable":true,"href":"https:\/\/solidar.ch\/de\/wp-json\/wp\/v2\/pages\/9852"}],"wp:attachment":[{"href":"https:\/\/solidar.ch\/de\/wp-json\/wp\/v2\/media?parent=10735"}],"wp:term":[{"taxonomy":"wf_page_folders","embeddable":true,"href":"https:\/\/solidar.ch\/de\/wp-json\/wp\/v2\/wf_page_folders?post=10735"}],"curies":[{"name":"wp","href":"https:\/\/api.w.org\/{rel}","templated":true}]}}

Solidar Suisse engagiert sich in Burkina Faso für einen besseren Zugang zu Bildung und für die Ernährungssicherheit der ländlichen Bevölkerung.
