{"id":12699,"date":"2021-03-31T13:43:41","date_gmt":"2021-03-31T12:43:41","guid":{"rendered":"https:\/\/solidar.ch\/?page_id=12699"},"modified":"2021-04-26T10:14:26","modified_gmt":"2021-04-26T09:14:26","slug":"bolivien","status":"publish","type":"page","link":"https:\/\/solidar.ch\/de\/themen\/frauenrechte\/bolivien\/","title":{"rendered":"Frauenrechte-Bolivien"},"content":{"rendered":"","protected":false},"excerpt":{"rendered":"","protected":false},"author":13,"featured_media":0,"parent":10895,"menu_order":0,"comment_status":"closed","ping_status":"closed","template":"","meta":{"_acf_changed":false,"_seopress_robots_primary_cat":"","_seopress_titles_title":"Ein Leben ohne Gewalt f\u00fcr Frauen in Bolivien \u2013 Solidar Suisse ","_seopress_titles_desc":"Solidar Suisse k\u00e4mpft in Bolivien mit Pr\u00e4ventionskampagnen gegen Gewalt an Frauen und unterst\u00fctzt Betroffene in Beratungsstellen.  ","_seopress_robots_index":"","footnotes":""},"wf_page_folders":[49],"class_list":["post-12699","page","type-page","status-publish","hentry"],"acf":[],"_links":{"self":[{"href":"https:\/\/solidar.ch\/de\/wp-json\/wp\/v2\/pages\/12699","targetHints":{"allow":["GET"]}}],"collection":[{"href":"https:\/\/solidar.ch\/de\/wp-json\/wp\/v2\/pages"}],"about":[{"href":"https:\/\/solidar.ch\/de\/wp-json\/wp\/v2\/types\/page"}],"author":[{"embeddable":true,"href":"https:\/\/solidar.ch\/de\/wp-json\/wp\/v2\/users\/13"}],"replies":[{"embeddable":true,"href":"https:\/\/solidar.ch\/de\/wp-json\/wp\/v2\/comments?post=12699"}],"version-history":[{"count":0,"href":"https:\/\/solidar.ch\/de\/wp-json\/wp\/v2\/pages\/12699\/revisions"}],"up":[{"embeddable":true,"href":"https:\/\/solidar.ch\/de\/wp-json\/wp\/v2\/pages\/10895"}],"wp:attachment":[{"href":"https:\/\/solidar.ch\/de\/wp-json\/wp\/v2\/media?parent=12699"}],"wp:term":[{"taxonomy":"wf_page_folders","embeddable":true,"href":"https:\/\/solidar.ch\/de\/wp-json\/wp\/v2\/wf_page_folders?post=12699"}],"curies":[{"name":"wp","href":"https:\/\/api.w.org\/{rel}","templated":true}]}}

Ein Leben ohne Gewalt für Frauen in Bolivien – Solidar Suisse

Solidar Suisse kämpft in Bolivien mit Präventionskampagnen gegen Gewalt an Frauen und unterstützt Betroffene in Beratungsstellen.
