{"id":28341,"date":"2023-02-07T16:29:56","date_gmt":"2023-02-07T15:29:56","guid":{"rendered":"https:\/\/solidar.ch\/?page_id=28341"},"modified":"2025-01-27T14:54:49","modified_gmt":"2025-01-27T13:54:49","slug":"erdbeben-tuerkei-syrien","status":"publish","type":"page","link":"https:\/\/solidar.ch\/de\/erdbeben-tuerkei-syrien\/","title":{"rendered":"Erdbeben in der T\u00fcrkei und Syrien"},"content":{"rendered":"","protected":false},"excerpt":{"rendered":"","protected":false},"author":22,"featured_media":0,"parent":0,"menu_order":0,"comment_status":"closed","ping_status":"closed","template":"","meta":{"_acf_changed":false,"_seopress_robots_primary_cat":"","_seopress_titles_title":"Erdbebenkatastrophe T\u00fcrkei und Syrien | Solidar Suisse","_seopress_titles_desc":"Die Menschen in der T\u00fcrkei und Syrien brauchen schnelle, unb\u00fcrokratische Hilfe. Solidar Suisse wird umgehend mit einer humanit\u00e4ren Intervention aktiv.","_seopress_robots_index":"","footnotes":""},"wf_page_folders":[],"class_list":["post-28341","page","type-page","status-publish","hentry"],"acf":[],"_links":{"self":[{"href":"https:\/\/solidar.ch\/de\/wp-json\/wp\/v2\/pages\/28341","targetHints":{"allow":["GET"]}}],"collection":[{"href":"https:\/\/solidar.ch\/de\/wp-json\/wp\/v2\/pages"}],"about":[{"href":"https:\/\/solidar.ch\/de\/wp-json\/wp\/v2\/types\/page"}],"author":[{"embeddable":true,"href":"https:\/\/solidar.ch\/de\/wp-json\/wp\/v2\/users\/22"}],"replies":[{"embeddable":true,"href":"https:\/\/solidar.ch\/de\/wp-json\/wp\/v2\/comments?post=28341"}],"version-history":[{"count":0,"href":"https:\/\/solidar.ch\/de\/wp-json\/wp\/v2\/pages\/28341\/revisions"}],"wp:attachment":[{"href":"https:\/\/solidar.ch\/de\/wp-json\/wp\/v2\/media?parent=28341"}],"wp:term":[{"taxonomy":"wf_page_folders","embeddable":true,"href":"https:\/\/solidar.ch\/de\/wp-json\/wp\/v2\/wf_page_folders?post=28341"}],"curies":[{"name":"wp","href":"https:\/\/api.w.org\/{rel}","templated":true}]}}

Erdbeben in der Türkei und Syrien

Erdbebenkatastrophe Türkei und Syrien | Solidar Suisse

Die Menschen in der Türkei und Syrien brauchen schnelle, unbürokratische Hilfe. Solidar Suisse wird umgehend mit einer humanitären Intervention aktiv.
