{"id":42717,"date":"2025-01-28T13:04:22","date_gmt":"2025-01-28T12:04:22","guid":{"rendered":"https:\/\/solidar.ch\/?page_id=42717"},"modified":"2025-01-31T13:47:30","modified_gmt":"2025-01-31T12:47:30","slug":"tuerkei-resilienz-staerken","status":"publish","type":"page","link":"https:\/\/solidar.ch\/de\/projekte\/tuerkei-syrien\/tuerkei-resilienz-staerken\/","title":{"rendered":"T\u00fcrkei: Resilienz st\u00e4rken"},"content":{"rendered":"","protected":false},"excerpt":{"rendered":"","protected":false},"author":22,"featured_media":0,"parent":29944,"menu_order":0,"comment_status":"closed","ping_status":"closed","template":"","meta":{"_acf_changed":false,"_seopress_robots_primary_cat":"","_seopress_titles_title":"T\u00fcrkei: Resilienz st\u00e4rken | Solidar Suisse","_seopress_titles_desc":"Ad\u0131yaman im S\u00fcdosten der T\u00fcrkei war eine der am st\u00e4rksten betroffenen Regionen der Erdbeben 2023. Mit einem Projekt zur St\u00e4rkung der Resilienz unterst\u00fctzt Solidar Suisse Erdbebenbetroffene.","_seopress_robots_index":"","footnotes":""},"wf_page_folders":[],"class_list":["post-42717","page","type-page","status-publish","hentry"],"acf":[],"_links":{"self":[{"href":"https:\/\/solidar.ch\/de\/wp-json\/wp\/v2\/pages\/42717","targetHints":{"allow":["GET"]}}],"collection":[{"href":"https:\/\/solidar.ch\/de\/wp-json\/wp\/v2\/pages"}],"about":[{"href":"https:\/\/solidar.ch\/de\/wp-json\/wp\/v2\/types\/page"}],"author":[{"embeddable":true,"href":"https:\/\/solidar.ch\/de\/wp-json\/wp\/v2\/users\/22"}],"replies":[{"embeddable":true,"href":"https:\/\/solidar.ch\/de\/wp-json\/wp\/v2\/comments?post=42717"}],"version-history":[{"count":0,"href":"https:\/\/solidar.ch\/de\/wp-json\/wp\/v2\/pages\/42717\/revisions"}],"up":[{"embeddable":true,"href":"https:\/\/solidar.ch\/de\/wp-json\/wp\/v2\/pages\/29944"}],"wp:attachment":[{"href":"https:\/\/solidar.ch\/de\/wp-json\/wp\/v2\/media?parent=42717"}],"wp:term":[{"taxonomy":"wf_page_folders","embeddable":true,"href":"https:\/\/solidar.ch\/de\/wp-json\/wp\/v2\/wf_page_folders?post=42717"}],"curies":[{"name":"wp","href":"https:\/\/api.w.org\/{rel}","templated":true}]}}

Türkei: Resilienz stärken

Türkei: Resilienz stärken | Solidar Suisse

Adıyaman im Südosten der Türkei war eine der am stärksten betroffenen Regionen der Erdbeben 2023. Mit einem Projekt zur Stärkung der Resilienz unterstützt Solidar Suisse Erdbebenbetroffene.
