{"id":10269,"date":"2021-03-04T22:47:49","date_gmt":"2021-03-04T21:47:49","guid":{"rendered":"https:\/\/solidar.ch\/themen\/"},"modified":"2024-09-06T07:03:03","modified_gmt":"2024-09-06T06:03:03","slug":"themes","status":"publish","type":"page","link":"https:\/\/solidar.ch\/fr\/themes\/","title":{"rendered":"Th\u00e8mes"},"content":{"rendered":"","protected":false},"excerpt":{"rendered":"","protected":false},"author":22,"featured_media":0,"parent":0,"menu_order":0,"comment_status":"closed","ping_status":"closed","template":"","meta":{"_acf_changed":false,"_seopress_robots_primary_cat":"","_seopress_titles_title":"Nos th\u00e8mes: engagement pour un monde plus juste | Solidar Suisse","_seopress_titles_desc":"Solidar Suisse lutte pour un monde plus juste.  Nous d\u00e9fendons des conditions de travail d\u00e9centes, la d\u00e9mocratie et le respect des droits humains dans le monde.","_seopress_robots_index":"","footnotes":""},"wf_page_folders":[],"class_list":["post-10269","page","type-page","status-publish","hentry"],"acf":[],"_links":{"self":[{"href":"https:\/\/solidar.ch\/fr\/wp-json\/wp\/v2\/pages\/10269","targetHints":{"allow":["GET"]}}],"collection":[{"href":"https:\/\/solidar.ch\/fr\/wp-json\/wp\/v2\/pages"}],"about":[{"href":"https:\/\/solidar.ch\/fr\/wp-json\/wp\/v2\/types\/page"}],"author":[{"embeddable":true,"href":"https:\/\/solidar.ch\/fr\/wp-json\/wp\/v2\/users\/22"}],"replies":[{"embeddable":true,"href":"https:\/\/solidar.ch\/fr\/wp-json\/wp\/v2\/comments?post=10269"}],"version-history":[{"count":0,"href":"https:\/\/solidar.ch\/fr\/wp-json\/wp\/v2\/pages\/10269\/revisions"}],"wp:attachment":[{"href":"https:\/\/solidar.ch\/fr\/wp-json\/wp\/v2\/media?parent=10269"}],"wp:term":[{"taxonomy":"wf_page_folders","embeddable":true,"href":"https:\/\/solidar.ch\/fr\/wp-json\/wp\/v2\/wf_page_folders?post=10269"}],"curies":[{"name":"wp","href":"https:\/\/api.w.org\/{rel}","templated":true}]}}

Thèmes

Nos thèmes: engagement pour un monde plus juste | Solidar Suisse

Solidar Suisse lutte pour un monde plus juste.  Nous défendons des conditions de travail décentes, la démocratie et le respect des droits humains dans le monde.
