{"id":13674,"date":"2021-03-31T13:44:50","date_gmt":"2021-03-31T12:44:50","guid":{"rendered":"https:\/\/solidar.ch\/themes\/women-rights-salvador\/"},"modified":"2026-01-12T17:01:49","modified_gmt":"2026-01-12T16:01:49","slug":"salvador","status":"publish","type":"page","link":"https:\/\/solidar.ch\/fr\/themes\/droits-des-femmes\/salvador\/","title":{"rendered":"Droits des femmes &#8211; Am\u00e9rique centrale"},"content":{"rendered":"","protected":false},"excerpt":{"rendered":"","protected":false},"author":13,"featured_media":0,"parent":13666,"menu_order":0,"comment_status":"closed","ping_status":"closed","template":"","meta":{"_acf_changed":false,"_seopress_robots_primary_cat":"","_seopress_titles_title":"Am\u00e9rique centrale : ensemble pour une vie sans violence | Solidar Suisse","_seopress_titles_desc":"Par nos centres de conseil et nos campagnes, nous nous engageons contre la violence et pour les droits des femmes et l'\u00e9galit\u00e9 des chances en Am\u00e9rique centrale.","_seopress_robots_index":"","footnotes":""},"wf_page_folders":[49],"class_list":["post-13674","page","type-page","status-publish","hentry"],"acf":[],"_links":{"self":[{"href":"https:\/\/solidar.ch\/fr\/wp-json\/wp\/v2\/pages\/13674","targetHints":{"allow":["GET"]}}],"collection":[{"href":"https:\/\/solidar.ch\/fr\/wp-json\/wp\/v2\/pages"}],"about":[{"href":"https:\/\/solidar.ch\/fr\/wp-json\/wp\/v2\/types\/page"}],"author":[{"embeddable":true,"href":"https:\/\/solidar.ch\/fr\/wp-json\/wp\/v2\/users\/13"}],"replies":[{"embeddable":true,"href":"https:\/\/solidar.ch\/fr\/wp-json\/wp\/v2\/comments?post=13674"}],"version-history":[{"count":0,"href":"https:\/\/solidar.ch\/fr\/wp-json\/wp\/v2\/pages\/13674\/revisions"}],"up":[{"embeddable":true,"href":"https:\/\/solidar.ch\/fr\/wp-json\/wp\/v2\/pages\/13666"}],"wp:attachment":[{"href":"https:\/\/solidar.ch\/fr\/wp-json\/wp\/v2\/media?parent=13674"}],"wp:term":[{"taxonomy":"wf_page_folders","embeddable":true,"href":"https:\/\/solidar.ch\/fr\/wp-json\/wp\/v2\/wf_page_folders?post=13674"}],"curies":[{"name":"wp","href":"https:\/\/api.w.org\/{rel}","templated":true}]}}

Droits des femmes &#8211; Amérique centrale

Amérique centrale : ensemble pour une vie sans violence | Solidar Suisse

Par nos centres de conseil et nos campagnes, nous nous engageons contre la violence et pour les droits des femmes et l'égalité des chances en Amérique centrale.
