{"id":13877,"date":"2021-03-16T11:33:03","date_gmt":"2021-03-16T10:33:03","guid":{"rendered":"https:\/\/solidar.ch\/projets\/bosnie\/bosnien-fluechtlinge\/"},"modified":"2022-05-05T13:54:39","modified_gmt":"2022-05-05T12:54:39","slug":"migrant-e-s","status":"publish","type":"page","link":"https:\/\/solidar.ch\/fr\/projets\/bosnie\/migrant-e-s\/","title":{"rendered":"Protection des migrant\u00b7e\u00b7s en danger en Bosnie-Herz\u00e9govine"},"content":{"rendered":"","protected":false},"excerpt":{"rendered":"","protected":false},"author":22,"featured_media":0,"parent":13541,"menu_order":0,"comment_status":"closed","ping_status":"closed","template":"","meta":{"_acf_changed":false,"_seopress_robots_primary_cat":"","_seopress_titles_title":"Protection des migrant\u00b7e\u00b7s en Bosnie - Solidar Suisse","_seopress_titles_desc":"Solidar Suisse soutient les personnes migrantes afin qu&#039;elles b\u00e9n\u00e9ficient de l&#039;appui n\u00e9cessaire et d&#039;une proc\u00e9dure d&#039;asile \u00e9quitable.","_seopress_robots_index":"","footnotes":""},"wf_page_folders":[1102],"class_list":["post-13877","page","type-page","status-publish","hentry"],"acf":[],"_links":{"self":[{"href":"https:\/\/solidar.ch\/fr\/wp-json\/wp\/v2\/pages\/13877","targetHints":{"allow":["GET"]}}],"collection":[{"href":"https:\/\/solidar.ch\/fr\/wp-json\/wp\/v2\/pages"}],"about":[{"href":"https:\/\/solidar.ch\/fr\/wp-json\/wp\/v2\/types\/page"}],"author":[{"embeddable":true,"href":"https:\/\/solidar.ch\/fr\/wp-json\/wp\/v2\/users\/22"}],"replies":[{"embeddable":true,"href":"https:\/\/solidar.ch\/fr\/wp-json\/wp\/v2\/comments?post=13877"}],"version-history":[{"count":0,"href":"https:\/\/solidar.ch\/fr\/wp-json\/wp\/v2\/pages\/13877\/revisions"}],"up":[{"embeddable":true,"href":"https:\/\/solidar.ch\/fr\/wp-json\/wp\/v2\/pages\/13541"}],"wp:attachment":[{"href":"https:\/\/solidar.ch\/fr\/wp-json\/wp\/v2\/media?parent=13877"}],"wp:term":[{"taxonomy":"wf_page_folders","embeddable":true,"href":"https:\/\/solidar.ch\/fr\/wp-json\/wp\/v2\/wf_page_folders?post=13877"}],"curies":[{"name":"wp","href":"https:\/\/api.w.org\/{rel}","templated":true}]}}

Protection des migrant·e·s en danger en Bosnie-Herzégovine

Solidar Suisse soutient les personnes migrantes afin qu&#039;elles bénéficient de l&#039;appui nécessaire et d&#039;une procédure d&#039;asile équitable.
