{"id":25436,"date":"2022-08-30T13:06:07","date_gmt":"2022-08-30T12:06:07","guid":{"rendered":"https:\/\/solidar.ch\/?page_id=25436"},"modified":"2022-09-01T11:02:21","modified_gmt":"2022-09-01T10:02:21","slug":"inondations-au-pakistan","status":"publish","type":"page","link":"https:\/\/solidar.ch\/fr\/inondations-au-pakistan\/","title":{"rendered":"Inondations au Pakistan"},"content":{"rendered":"","protected":false},"excerpt":{"rendered":"","protected":false},"author":22,"featured_media":0,"parent":0,"menu_order":0,"comment_status":"closed","ping_status":"closed","template":"","meta":{"_acf_changed":false,"_seopress_robots_primary_cat":"","_seopress_titles_title":"Inondations au Pakistan | Solidar Suisse","_seopress_titles_desc":"Solidar Suisse lance une aide d&#039;urgence imm\u00e9diate pour les personnes touch\u00e9es par les inondations au Pakistan. Les dons sont n\u00e9cessaires de toute urgence. ","_seopress_robots_index":"","footnotes":""},"wf_page_folders":[],"class_list":["post-25436","page","type-page","status-publish","hentry"],"acf":[],"_links":{"self":[{"href":"https:\/\/solidar.ch\/fr\/wp-json\/wp\/v2\/pages\/25436","targetHints":{"allow":["GET"]}}],"collection":[{"href":"https:\/\/solidar.ch\/fr\/wp-json\/wp\/v2\/pages"}],"about":[{"href":"https:\/\/solidar.ch\/fr\/wp-json\/wp\/v2\/types\/page"}],"author":[{"embeddable":true,"href":"https:\/\/solidar.ch\/fr\/wp-json\/wp\/v2\/users\/22"}],"replies":[{"embeddable":true,"href":"https:\/\/solidar.ch\/fr\/wp-json\/wp\/v2\/comments?post=25436"}],"version-history":[{"count":0,"href":"https:\/\/solidar.ch\/fr\/wp-json\/wp\/v2\/pages\/25436\/revisions"}],"wp:attachment":[{"href":"https:\/\/solidar.ch\/fr\/wp-json\/wp\/v2\/media?parent=25436"}],"wp:term":[{"taxonomy":"wf_page_folders","embeddable":true,"href":"https:\/\/solidar.ch\/fr\/wp-json\/wp\/v2\/wf_page_folders?post=25436"}],"curies":[{"name":"wp","href":"https:\/\/api.w.org\/{rel}","templated":true}]}}

Solidar Suisse lance une aide d&#039;urgence immédiate pour les personnes touchées par les inondations au Pakistan. Les dons sont nécessaires de toute urgence.
