{"id":29946,"date":"2023-05-01T08:59:38","date_gmt":"2023-05-01T07:59:38","guid":{"rendered":"https:\/\/solidar.ch\/?page_id=29946"},"modified":"2025-02-03T15:25:31","modified_gmt":"2025-02-03T14:25:31","slug":"turquie-et-syrie","status":"publish","type":"page","link":"https:\/\/solidar.ch\/fr\/projets\/turquie-et-syrie\/","title":{"rendered":"Turquie et Syrie"},"content":{"rendered":"","protected":false},"excerpt":{"rendered":"","protected":false},"author":22,"featured_media":0,"parent":10265,"menu_order":0,"comment_status":"closed","ping_status":"closed","template":"","meta":{"_acf_changed":false,"_seopress_robots_primary_cat":"","_seopress_titles_title":"Turquie et Syrie : soutien aux personnes affect\u00e9es | Solidar Suisse","_seopress_titles_desc":"En f\u00e9vrier 2023, la Turquie et la Syrie ont \u00e9t\u00e9 frapp\u00e9es par deux puissants s\u00e9ismes et leurs r\u00e9pliques. La situation humanitaire catastrophique perdure.","_seopress_robots_index":"","footnotes":""},"wf_page_folders":[1102],"class_list":["post-29946","page","type-page","status-publish","hentry"],"acf":[],"_links":{"self":[{"href":"https:\/\/solidar.ch\/fr\/wp-json\/wp\/v2\/pages\/29946","targetHints":{"allow":["GET"]}}],"collection":[{"href":"https:\/\/solidar.ch\/fr\/wp-json\/wp\/v2\/pages"}],"about":[{"href":"https:\/\/solidar.ch\/fr\/wp-json\/wp\/v2\/types\/page"}],"author":[{"embeddable":true,"href":"https:\/\/solidar.ch\/fr\/wp-json\/wp\/v2\/users\/22"}],"replies":[{"embeddable":true,"href":"https:\/\/solidar.ch\/fr\/wp-json\/wp\/v2\/comments?post=29946"}],"version-history":[{"count":0,"href":"https:\/\/solidar.ch\/fr\/wp-json\/wp\/v2\/pages\/29946\/revisions"}],"up":[{"embeddable":true,"href":"https:\/\/solidar.ch\/fr\/wp-json\/wp\/v2\/pages\/10265"}],"wp:attachment":[{"href":"https:\/\/solidar.ch\/fr\/wp-json\/wp\/v2\/media?parent=29946"}],"wp:term":[{"taxonomy":"wf_page_folders","embeddable":true,"href":"https:\/\/solidar.ch\/fr\/wp-json\/wp\/v2\/wf_page_folders?post=29946"}],"curies":[{"name":"wp","href":"https:\/\/api.w.org\/{rel}","templated":true}]}}

Turquie et Syrie : soutien aux personnes affectées | Solidar Suisse

En février 2023, la Turquie et la Syrie ont été frappées par deux puissants séismes et leurs répliques. La situation humanitaire catastrophique perdure.
