{"id":33307,"date":"2023-11-07T10:58:00","date_gmt":"2023-11-07T09:58:00","guid":{"rendered":"https:\/\/solidar.ch\/?page_id=33307"},"modified":"2023-11-17T15:11:11","modified_gmt":"2023-11-17T14:11:11","slug":"diminuer-sa-consommation","status":"publish","type":"page","link":"https:\/\/solidar.ch\/fr\/diminuer-sa-consommation\/","title":{"rendered":"Diminuer sa consommation"},"content":{"rendered":"","protected":false},"excerpt":{"rendered":"","protected":false},"author":28,"featured_media":0,"parent":0,"menu_order":0,"comment_status":"closed","ping_status":"closed","template":"","meta":{"_acf_changed":false,"_seopress_robots_primary_cat":"","_seopress_titles_title":"Diminuer sa consommation | Solidar Suisse","_seopress_titles_desc":"Tout vaut mieux que de prendre part au Black Friday. Nous avons rassembl\u00e9s des alternatives pertinentes sur cette page pour \u00e9viter le pi\u00e8ge de la consommation. ","_seopress_robots_index":"","footnotes":""},"wf_page_folders":[],"class_list":["post-33307","page","type-page","status-publish","hentry"],"acf":[],"_links":{"self":[{"href":"https:\/\/solidar.ch\/fr\/wp-json\/wp\/v2\/pages\/33307","targetHints":{"allow":["GET"]}}],"collection":[{"href":"https:\/\/solidar.ch\/fr\/wp-json\/wp\/v2\/pages"}],"about":[{"href":"https:\/\/solidar.ch\/fr\/wp-json\/wp\/v2\/types\/page"}],"author":[{"embeddable":true,"href":"https:\/\/solidar.ch\/fr\/wp-json\/wp\/v2\/users\/28"}],"replies":[{"embeddable":true,"href":"https:\/\/solidar.ch\/fr\/wp-json\/wp\/v2\/comments?post=33307"}],"version-history":[{"count":0,"href":"https:\/\/solidar.ch\/fr\/wp-json\/wp\/v2\/pages\/33307\/revisions"}],"wp:attachment":[{"href":"https:\/\/solidar.ch\/fr\/wp-json\/wp\/v2\/media?parent=33307"}],"wp:term":[{"taxonomy":"wf_page_folders","embeddable":true,"href":"https:\/\/solidar.ch\/fr\/wp-json\/wp\/v2\/wf_page_folders?post=33307"}],"curies":[{"name":"wp","href":"https:\/\/api.w.org\/{rel}","templated":true}]}}

Tout vaut mieux que de prendre part au Black Friday. Nous avons rassemblés des alternatives pertinentes sur cette page pour éviter le piège de la consommation.
