{"id":42681,"date":"2025-02-03T15:23:19","date_gmt":"2025-02-03T14:23:19","guid":{"rendered":"https:\/\/solidar.ch\/?page_id=42681"},"modified":"2025-02-04T15:38:08","modified_gmt":"2025-02-04T14:38:08","slug":"reconstruction-et-protection-des-enfants-en-syrie","status":"publish","type":"page","link":"https:\/\/solidar.ch\/fr\/projets\/turquie-et-syrie\/reconstruction-et-protection-des-enfants-en-syrie\/","title":{"rendered":"Reconstruction et protection des enfants en Syrie"},"content":{"rendered":"","protected":false},"excerpt":{"rendered":"","protected":false},"author":22,"featured_media":0,"parent":29946,"menu_order":0,"comment_status":"closed","ping_status":"closed","template":"","meta":{"_acf_changed":false,"_seopress_robots_primary_cat":"","_seopress_titles_title":"Syrie : reconstruction et protection des enfants | Solidar Suisse","_seopress_titles_desc":"En Syrie, Solidar Suisse oeuvre r\u00e9parer les infrastructures apr\u00e8s les tremblements de terre, pour prot\u00e9ger les enfants et pour renforcer la r\u00e9silience.","_seopress_robots_index":"","footnotes":""},"wf_page_folders":[49],"class_list":["post-42681","page","type-page","status-publish","hentry"],"acf":[],"_links":{"self":[{"href":"https:\/\/solidar.ch\/fr\/wp-json\/wp\/v2\/pages\/42681","targetHints":{"allow":["GET"]}}],"collection":[{"href":"https:\/\/solidar.ch\/fr\/wp-json\/wp\/v2\/pages"}],"about":[{"href":"https:\/\/solidar.ch\/fr\/wp-json\/wp\/v2\/types\/page"}],"author":[{"embeddable":true,"href":"https:\/\/solidar.ch\/fr\/wp-json\/wp\/v2\/users\/22"}],"replies":[{"embeddable":true,"href":"https:\/\/solidar.ch\/fr\/wp-json\/wp\/v2\/comments?post=42681"}],"version-history":[{"count":0,"href":"https:\/\/solidar.ch\/fr\/wp-json\/wp\/v2\/pages\/42681\/revisions"}],"up":[{"embeddable":true,"href":"https:\/\/solidar.ch\/fr\/wp-json\/wp\/v2\/pages\/29946"}],"wp:attachment":[{"href":"https:\/\/solidar.ch\/fr\/wp-json\/wp\/v2\/media?parent=42681"}],"wp:term":[{"taxonomy":"wf_page_folders","embeddable":true,"href":"https:\/\/solidar.ch\/fr\/wp-json\/wp\/v2\/wf_page_folders?post=42681"}],"curies":[{"name":"wp","href":"https:\/\/api.w.org\/{rel}","templated":true}]}}

En Syrie, Solidar Suisse oeuvre réparer les infrastructures après les tremblements de terre, pour protéger les enfants et pour renforcer la résilience.
