{"id":54052,"date":"2026-08-28T15:33:06","date_gmt":"2026-08-28T13:33:06","guid":{"rendered":"https:\/\/solidar.ch\/?page_id=54052"},"modified":"2026-08-28T16:46:43","modified_gmt":"2026-08-28T14:46:43","slug":"campage-ci","status":"publish","type":"page","link":"https:\/\/solidar.ch\/fr\/campage-ci\/","title":{"rendered":"Nous r\u00e9pondons pr\u00e9sents"},"content":{"rendered":"","protected":false},"excerpt":{"rendered":"","protected":false},"author":22,"featured_media":0,"parent":0,"menu_order":0,"comment_status":"closed","ping_status":"closed","template":"","meta":{"_acf_changed":false,"_seopress_robots_primary_cat":"","_seopress_titles_title":"Campagne: Nous r\u00e9pondons pr\u00e9sents | Solidar Suisse","_seopress_titles_desc":"Guerres, crise climatique, exil forc\u00e9 : la Suisse aussi est concern\u00e9e. Solidar Suisse et plus de 40 organisations s'engagent pour la coop\u00e9ration internationale.","_seopress_robots_index":"","footnotes":""},"wf_page_folders":[],"class_list":["post-54052","page","type-page","status-publish","hentry"],"acf":[],"_links":{"self":[{"href":"https:\/\/solidar.ch\/fr\/wp-json\/wp\/v2\/pages\/54052","targetHints":{"allow":["GET"]}}],"collection":[{"href":"https:\/\/solidar.ch\/fr\/wp-json\/wp\/v2\/pages"}],"about":[{"href":"https:\/\/solidar.ch\/fr\/wp-json\/wp\/v2\/types\/page"}],"author":[{"embeddable":true,"href":"https:\/\/solidar.ch\/fr\/wp-json\/wp\/v2\/users\/22"}],"replies":[{"embeddable":true,"href":"https:\/\/solidar.ch\/fr\/wp-json\/wp\/v2\/comments?post=54052"}],"version-history":[{"count":0,"href":"https:\/\/solidar.ch\/fr\/wp-json\/wp\/v2\/pages\/54052\/revisions"}],"wp:attachment":[{"href":"https:\/\/solidar.ch\/fr\/wp-json\/wp\/v2\/media?parent=54052"}],"wp:term":[{"taxonomy":"wf_page_folders","embeddable":true,"href":"https:\/\/solidar.ch\/fr\/wp-json\/wp\/v2\/wf_page_folders?post=54052"}],"curies":[{"name":"wp","href":"https:\/\/api.w.org\/{rel}","templated":true}]}}

Nous répondons présents

Campagne: Nous répondons présents | Solidar Suisse

Guerres, crise climatique, exil forcé : la Suisse aussi est concernée. Solidar Suisse et plus de 40 organisations s'engagent pour la coopération internationale.
